
Suppose l - 6*i - 67 = -2*i, 3*l + 2*i = 131. What are the prime factors of l?
47
Let u = -33 + 17. List the prime factors of 20 - (-4)/(u/12).
17
Let w(o) = 15*o - 2. Let x be w(2). Suppose 4*q = -0*q + x. List the prime factors of q.
7
What are the prime factors of 0/(-1) - 2 - (-17 + -144)?
3, 53
Suppose -3*r = -2*r - 6. List the prime factors of r.
2, 3
Suppose 5*h - 712 = -3*h. List the prime factors of h.
89
Suppose -k = -3*k. Let b = 0 + k. Suppose -44 = -4*l - b*l. List the prime factors of l.
11
Let b(t) = t**3 + 8*t**2 + 4*t - 4. Let h = -4 + -2. List the prime factors of b(h).
2, 11
Let c = 34 - 23. Suppose -4*m = -49 - c. List the prime factors of m.
3, 5
Let y be 18/(-63) + 264/(-7). Let c = -27 - y. List the prime factors of c.
11
Suppose o + 2*o + 5*g = 37, 0 = 2*o + g - 13. Suppose 5*d + 49 = 3*z, 0 = -o*z + 5*d - 30 + 87. List the prime factors of z.
2
Suppose 4*y - 57 = 39. What are the prime factors of y?
2, 3
Let t(w) = -w**3 - 9*w**2 - 2*w - 13. Let f be t(-9). Suppose -f*v = -3*x + 40, 5*x + 2*v = v + 20. What are the prime factors of x?
5
Let i be (-12)/(-1 + -1) + -3. Suppose 4*z - 3*z = 4, i*n - 51 = 3*z. List the prime factors of n.
3, 7
Suppose 5*n = 10 + 110. Suppose 0 = -5*p + 2*p + n. List the prime factors of 2/p + 78/8.
2, 5
Let a be (-3)/5*30/(-6). Let v = 6 - a. What are the prime factors of v?
3
Let o = 6 + -2. List the prime factors of o + 1 + -2*1.
3
Suppose i = 1 + 20. What are the prime factors of i?
3, 7
Let g(r) = -2*r - 8. Let f be g(-6). Suppose -3*i - 4*t + 11 = -f, 4*i + 3*t - 27 = 0. List the prime factors of i.
3
Let y = -12 - -27. Suppose 3*m - y = -2*m. List the prime factors of m.
3
Let q be (-4 + -1)*(-34)/10. Suppose -3*n - r = -q, 3*r - 7 = -0*n + 2*n. What are the prime factors of n?
2
Suppose -5*u - 2*r - 15 = 0, 3*u + 2*u = r - 15. Let z(l) = -l**2 - 4*l + 1. What are the prime factors of z(u)?
2
Let k = -27 - -30. Suppose k*r = 114 + 42. List the prime factors of r.
2, 13
Let u be 4/(-6) + 40/(-30). List the prime factors of 1/(((-4)/50)/u).
5
Let p(n) = 12*n - 10. List the prime factors of p(3).
2, 13
Let h be 2/(-4)*0 - -4. What are the prime factors of (-2)/h*(-2 - 6)?
2
Let m = 0 + 11. Let v(b) = b**3 - b. Let d be v(1). Suppose -y - 4*f + m = 0, -y + f + 1 = -d*f. What are the prime factors of y?
3
Suppose v - 14 = 20. What are the prime factors of v?
2, 17
What are the prime factors of 2 - 5 - (0/4 + -136)?
7, 19
Let x(j) = -j**2 + j + 1. Let q(p) = -4*p**2 + 4*p + 8. Let l(h) = h**2 + 10*h - 1. Let u be l(-10). Let v(o) = u*q(o) + 3*x(o). List the prime factors of v(4).
7
Let j(w) = -w**3 - 5*w**2 - 5*w + 3. Let c(b) = -b. Let g be c(4). What are the prime factors of j(g)?
7
List the prime factors of 810/16 + (-9)/(-24).
3, 17
Let m = 12 + -7. Suppose 0 = -w - 5*u + 8, -m*w + 2*u = -121. List the prime factors of w.
23
Let l(x) be the second derivative of -x**3/6 + x**2/2 - 2*x. Let u be l(-2). Suppose -u*o - 5*p = 14, -o = -p - 0 - 6. What are the prime factors of o?
2
Let r(s) = -s**2 - 8*s - 8. What are the prime factors of r(-6)?
2
Let y = 15 + -7. Suppose -14 = -5*m - u - u, u = -3*m + y. Suppose 2*s = -0*s - 10, -m*a - 4*s - 10 = 0. What are the prime factors of a?
5
What are the prime factors of (-3 + 3 - -1)*45?
3, 5
List the prime factors of 18/(-5)*45/(-6).
3
Let k be ((-12)/8)/(6/(-256)). Let t = -42 + k. What are the prime factors of t?
2, 11
Let s(r) = -8*r**3 - r + 1. Let n be s(1). Let u(g) = g**3 + 8*g**2 - g + 3. List the prime factors of u(n).
11
Let h be (-1)/(6/4)*-3. Let a = h + 9. What are the prime factors of a?
11
Suppose -3*j = 2*f - 78, 39 = f + j - 4*j. What are the prime factors of f?
3, 13
What are the prime factors of (-496)/(-6) + 4/(-6)?
2, 41
Suppose -2*o + 5*h = -33, 4*h + 4 = -4*o - 0*h. Let n = o - -5. List the prime factors of n.
3
Let b(g) = -g**2 + 1. Let f(p) = 6*p**2 - 3*p - 2. Let v(s) = 2*b(s) + f(s). Suppose -5 + 3 = -q. What are the prime factors of v(q)?
2, 5
Let i(s) = -s + 6. Let m be i(6). Suppose m = -n + 14 - 3. What are the prime factors of n?
11
Suppose 3*a - 15 = 0, -5*c + a + 425 = 5*a. What are the prime factors of c?
3
Let z(j) = j**3 - 8*j**2 + 3*j + 1. List the prime factors of z(8).
5
Suppose 5*s = s + 12. Let d(n) be the third derivative of -n**6/120 + n**5/12 - n**4/12 - n**2. What are the prime factors of d(s)?
2, 3
Let q = -9 + 32. Suppose 0 = -7*k + 8*k - q. List the prime factors of k.
23
Let s = -2 - -4. Suppose 5*v + i + i - 25 = 0, i - s = v. Suppose -v - 9 = -4*a. List the prime factors of a.
3
Let k(g) = 4*g**3 - 7*g**3 + 2*g**3 - 4 - 3*g + 6*g**2. What are the prime factors of k(5)?
2, 3
Suppose 9*c + 200 = 5*c. Let x = c - -83. List the prime factors of x.
3, 11
Let a be 5 + -1*2 - -1. Suppose -2 = -p + 2*n + a, 0 = -5*n - 10. Suppose -p*u = u - 30. What are the prime factors of u?
2, 5
Suppose -o = 3*o - 16. Let p = o - 4. Suppose p = 2*j - 7 + 1. List the prime factors of j.
3
Suppose -1 + 11 = -5*n, -4*o - 4*n = -172. Suppose -o + 15 = -d. What are the prime factors of 1/(-3) - d/(-9)?
3
Suppose 0 = -4*m - 8 + 64. List the prime factors of m.
2, 7
What are the prime factors of 0 - 8/1 - -4 - -204?
2, 5
What are the prime factors of 195 - (-4 + (4 - 0 - 0))?
3, 5, 13
Suppose 0*s + 160 = 4*s. Suppose 4*m - 2*w + s = -m, 22 = -2*m + 2*w. Let l = m - -22. List the prime factors of l.
2
What are the prime factors of 2093/49 - 4/(-14)?
43
Let d = 12 - 2. Let h = -7 + d. What are the prime factors of h?
3
Suppose -2*f + 8 = -4. Suppose 2*a = -0*a + f. Suppose -a*q + 12 = -q + 3*b, 0 = -2*q - b + 20. What are the prime factors of q?
2, 3
Suppose -5*q - 10 = 0, 2*t + 6 + 12 = -4*q. List the prime factors of (-48)/t + (-6)/(-15).
2, 5
Suppose 2*x + 1 = 5*y, 2*x + x = y - 8. List the prime factors of y/(1/5*-1).
5
Let l = -208 - -348. What are the prime factors of l?
2, 5, 7
Let j(w) = 2*w**3 - 2. Suppose 5*a - 5*h - 25 = 0, -3*h - 10 = -1. Let k = a - 0. List the prime factors of j(k).
2, 7
Let o = -10 - -15. Suppose -300 = -5*g + 205. Suppose g = o*h + 31. What are the prime factors of h?
2, 7
Let p = 6 - 4. Let r(j) = -1 + 6*j - 1 - 3*j. List the prime factors of r(p).
2
Suppose -4*q + 3*q = 0. What are the prime factors of 3 - -4 - q/(-1)?
7
Let c(a) = a - 1. Let r(g) = -5*g**3 - g + 1. Let x(k) = -2*c(k) - 2*r(k). Suppose 3*d + 3*s - 5 = 2*s, 5*d + 3*s = 11. What are the prime factors of x(d)?
2, 5
Let i = -5 + 18. Let x = i + -4. What are the prime factors of x?
3
Suppose 37 = 4*q + 5. Suppose r + 5 = -4*g, 0 = -3*r - r - 3*g + 6. Suppose -2*m + 16 = -r*o, -m - 4*o + 0*o = -q. List the prime factors of m.
2
Let f be (18/4 - 0)*-2. Let x = -8 + 11. List the prime factors of (-1)/(x/6)*f.
2, 3
Let g(x) = -x**2 + 9*x + 8. List the prime factors of g(7).
2, 11
Let d(w) = w + 9. What are the prime factors of d(-4)?
5
Let w be 254/10 + (-2)/5. Suppose -4*y - w = -r, 0*r + 59 = 3*r + 4*y. Suppose 0 = l + 2*l - r. What are the prime factors of l?
7
Let c(w) = w**2 + 11*w + 2. Let a be c(-11). Let b = 0 - 0. Suppose a*k + 2*z - 4 = b, 4*k = z - 8 + 36. List the prime factors of k.
2, 3
Let c(l) = 2*l**2 + 9*l - 4. What are the prime factors of c(-7)?
31
Suppose -4*x = -2*x + 4*w - 18, 2*x - 20 = -5*w. Let n be x*3/((-45)/(-6)). Suppose -i = -3*o - 14, i + 4*o = n*o + 9. List the prime factors of i.
11
Suppose 0 = 17*h - 19*h + 56. What are the prime factors of h?
2, 7
Let f be (0 - -5)*(-28)/10. Let w = 26 + f. Let s = w + -4. List the prime factors of s.
2
Suppose 42 + 152 = 2*p + 4*d, 3*p + 3*d = 306. What are the prime factors of p?
107
Suppose i - 4 = -5*o, 2*o + 0*o - 4 = 0. Let c = 10 - i. List the prime factors of c.
2
Let y = 1 + -1. What are the prime factors of (-2 - 3)*(y - 1)?
5
Let h(p) = -p**3 - 3*p**2 + p - 2. Let y be h(-4). Let j = -1 + y. Let g = 15 - j. List the prime factors of g.
2, 3
Let s(v) = v**3 + 6*v**2 - 7*v + 2. Suppose h = -3*h - 28. Let u be s(h). List the prime factors of 8 + -1 + u/(-1).
5
Suppose 2*i = 231 + 155. List the prime factors of i.
193
Let t = 13 - 9. Suppose -y + t*c - 18 = -4*y, -c + 7 = y. Let u(k) = k - 4. List the prime factors of u(y).
2, 3
Suppose -3*g + 8 = 2. Suppose -c + 0*c = -g. Suppose 0 = -3*z - 4*l + 32, 8*l + 6 = c*z + 3*l. List the prime factors of z.
2
